uppose 3*y - 213 = -3*c, y + c = 6*c + v. Calculate the remainder when y is divided by m(2).
37
Calculate the remainder when 455 is divided by (-3 + 20/15)*42/(-35)*59.
101
Let w(b) = -290*b - 1400. What is the remainder when w(-6) is divided by 43?
39
Let t(s) = 4*s**2 + 6*s - 3. Let w be (18/21)/((-4)/(-14)). Suppose -w*i = -i - 290. Calculate the remainder when i is divided by t(-4).
34
Suppose -i + 4*m = -4*i + 402, 0 = -3*m + 9. Suppose -5*u - 2*f = -7*u + i, 4*f - 65 = -u. What is the remainder when 254 is divided by u?
59
Let d = 134 + -132. Suppose 60 = d*a + 3*a. Calculate the remainder when 23 is divided by a.
11
Suppose 4*i + 0*i = 44. Suppose -3*j - 3*w + 114 = 0, -20*w - 15 = -17*w. What is the remainder when j is divided by i?
10
Suppose -12*c + 549 + 3615 = 0. Let o = 417 - c. What is the remainder when o is divided by 27?
16
Let c = -56 + -284. Let z = -334 - c. Let n = 8 + -3. What is the remainder when z is divided by n?
1
Suppose k - 20 = -k. Let c = 88 + -82. What is the remainder when (0 - -39)/((-3)/(c + -9)) is divided by k?
9
Suppose 89*n - 57*n = -133*n + 130020. Calculate the remainder when n is divided by 211.
155
Let s be (-3)/9 + 6896/24. Calculate the remainder when 43 is divided by 164/s - (-80)/7.
7
Let d = 5243 + -5234. What is the remainder when 11 is divided by d?
2
Suppose 0 = 6*b + 18 - 162. Suppose -9*t + b*t = 765. What is the remainder when t is divided by 19?
13
What is the remainder when 9/(-144) - 97785/(-656) is divided by 113?
36
Let f = -111 + 210. Suppose f + 101 = 10*x. Calculate the remainder when 117 is divided by x.
17
Let p(u) be the first derivative of 14*u**3 - u**2 + u + 14. Let w be p(-1). Suppose -147 - w = -8*k. Calculate the remainder when 117 is divided by k.
21
Let q(h) = h**3 - 14*h**2 + 42*h - 135. Calculate the remainder when 28914 is divided by q(12).
78
Suppose -h - k - 13093 + 13215 = 0, -h + 190 = 5*k. Let p = 2803 + -1651. What is the remainder when p is divided by h?
102
Let i(g) = -3*g - 57. Let k be i(-34). Suppose 43*s + 58 = k*s. Calculate the remainder when 86 is divided by s.
28
Let k(c) = c + 5. Let n be k(0). Suppose 48 = y + n*x, 3*x = -5*y - x + 135. Calculate the remainder when (-40)/25 - -1 - 1140/(-25) is divided by y.
22
Let c(l) = -2*l**3 + 25*l**2 - 54*l - 26. Suppose f = 9 + 14. What is the remainder when c(9) is divided by f?
9
Suppose 0 = 5*f - 4*j - 10, 2*f + f - 4*j - 6 = 0. Suppose q - u = f*u + 93, -5*u = -15. Calculate the remainder when q is divided by 35.
32
Suppose -3 = 3*k, 5*m = -4*k + k + 62. Let l = 23458 - 23045. Calculate the remainder when l is divided by m.
10
Let n = 12182 - 12156. Let w = -24 - -94. What is the remainder when w is divided by n?
18
Suppose -17*j + 15*j - 25*j = -324. Calculate the remainder when 30 is divided by j.
6
Let j(d) = -2*d**2 - 2. Let m be j(-5). What is the remainder when 234/65 - (m/(-20) + -2) is divided by 1?
0
Let o = -18890 + 18931. Calculate the remainder when o is divided by (23/2)/(1/2).
18
Let v = -7122 - -8743. Calculate the remainder when v is divided by 52.
9
Let q(x) = 154*x + 141. Calculate the remainder when q(4) is divided by 95.
92
Suppose 21*w - 28*w + 63 = 0. Suppose -5*z - 2 = -2. Let l(y) = -y + 57. Calculate the remainder when l(z) is divided by w.
3
Suppose -6*r - 2*a + 5040 = -3*r, -6737 = -4*r + 3*a. Suppose -r - 112 = -39*f. Calculate the remainder when 80 is divided by f.
34
Suppose -13*s + 108558 = 39*s - 36366. Calculate the remainder when s is divided by 155.
152
Suppose -3*q + 2*p + 49 = -10, 3 = -q - 5*p. Let y(d) = d**2 - 4*d + 4. Let f be 1/(-2) - (-55)/10. What is the remainder when q is divided by y(f)?
8
Let w = 2449 + -2440. What is the remainder when 986 is divided by w?
5
Let d(y) = -415*y + 32. Let r be d(-2). Let m = r - 594. What is the remainder when m is divided by 15?
13
Let i(p) = 2*p**2 - 2*p + 2. Let x(m) = -m**3 + m**2. Let n be x(-1). Suppose 0 = n*s - 8 - 36. What is the remainder when i(-6) is divided by s?
20
Suppose -1501 - 2910 = -225*g + 89. Let j(w) = 14*w**2 + 3*w + 2. What is the remainder when j(-2) is divided by g?
12
Suppose 20*x = 22*x + 4. Let d(q) = q**3 - 2*q**2 + q + 6. Let s be d(x). Let j(b) = -b**2 - 13*b + 19. What is the remainder when 122 is divided by j(s)?
29
Suppose -58*l + 17*l = -23288. Calculate the remainder when l is divided by 57.
55
Let t(j) = -j**3 - 34*j**2 + 15*j - 10. What is the remainder when t(-36) is divided by 9?
8
Let a(f) = 8*f + 69. Let x(z) = 7*z + 70. Let r(p) = -4*a(p) + 5*x(p). Calculate the remainder when 113 is divided by r(-15).
26
Suppose -19*w + 20*w = -3*t + 895, 2*t - 2692 = -3*w. Calculate the remainder when w is divided by 45.
43
Let s = -2 + 8. Let r(t) = -4*t - 90. Let q be r(-22). What is the remainder when ((-52)/8 + 1)*q + 0 is divided by s?
5
Let g = 23 + 336. Suppose g*r - 88 = 357*r. Calculate the remainder when 118 is divided by r.
30
Let p = 5773 + -5536. Calculate the remainder when p is divided by 7.
6
Let i be 3 - ((20 - 21) + -2 + 1). Suppose i*f + 15 = 2*o + 45, 4*f + o - 24 = 0. What is the remainder when 22 is divided by f?
4
Suppose -6*z = 645 + 87. Let y = 274 + z. Calculate the remainder when y is divided by 47.
11
Suppose 167*i - 3633 - 14319 + 3924 = 0. What is the remainder when i is divided by 74?
10
Let b = -257 + 262. Suppose x - 1 + 139 = 3*s, -2*s + 105 = -b*x. What is the remainder when 54 is divided by s?
9
Let a be (4 - 3 - 13)/(-2). Let l(g) = -g**3 - 4*g**2 + 12*g + 49. Calculate the remainder when (-407)/(-6) + 1/a is divided by l(-5).
12
Let n = -16029 + 16105. Calculate the remainder when 273 is divided by n.
45
Let j = -269 - -305. What is the remainder when 6 - 9/((-9)/497) is divided by j?
35
Let b(g) = 3*g**2 + g - 16. Let z be 8/1 + (2 - (9 - 3)). Suppose -2*u + u = z. Calculate the remainder when b(u) is divided by 15.
13
Suppose -94*m = -74*m + 3760. Calculate the remainder when 1275 is divided by (1 - m/(-12))/((-2)/6).
43
Suppose -5*s = 4*u - 193, 0 = -3*s - 3*u + 12 + 102. What is the remainder when 86 is divided by s?
4
What is the remainder when 1092 is divided by ((-36)/14)/(59/(-826))?
12
Let s = 1891 - -316. What is the remainder when s is divided by 12?
11
Let g(r) = 2*r**3 + 56*r**2 - 4*r + 45. Calculate the remainder when g(-24) is divided by 33.
30
Suppose 0 = 6*n - 3*n + 3*x - 3675, -4888 = -4*n - 2*x. Calculate the remainder when n is divided by 40.
19
Let a(x) = -x**2 + 14*x - 11. Let c be a(5). Suppose g - 3*g + c = 0. Suppose 5*o - 38 = g. Calculate the remainder when 52 is divided by o.
8
Let r(h) = 3*h**3 - 3*h**2 + 2*h - 4. Suppose -12*j = 781 + 371. Let b be 26/10 + (j/(-40) - 2). Calculate the remainder when r(b) is divided by 26.
4
Let x = -430 + 432. Let u(p) = 20*p**2 - 7*p. Calculate the remainder when 458 is divided by u(x).
62
Let h = 3511 + -3451. Calculate the remainder when 119 is divided by h.
59
Let w(z) = 7*z + 7*z - z**2 - 3 - 7. What is the remainder when (27/(-9)*113)/(-3) is divided by w(11)?
21
Let t = -391 + 413. Calculate the remainder when 348 is divided by t.
18
Let v = 1436 + -2063. Let u = -521 - v. What is the remainder when u is divided by 20?
6
Let x = 399 - 467. Calculate the remainder when 17/2*(-2)/4*x is divided by 29.
28
Let x be (-5*2)/((-10)/35). Calculate the remainder when 81 is divided by (-30)/x + (-306)/(-14).
18
Let r = 7255 + -7198. What is the remainder when 269 is divided by r?
41
Suppose 15*p - 5*p = 4600. Let d = p - 414. Calculate the remainder when 182 is divided by d.
44
Let g be -2 - 9/(-2)*100/(-45). Let s(p) = -p**3 - 9*p**2 + 32*p - 11. Calculate the remainder when 258 is divided by s(g).
36
Let w = 2386 - 2297. Calculate the remainder when 8007 is divided by w.
86
Let r = -9927 + 9992. Calculate the remainder when 624 is divided by r.
39
Suppose 3*b - 1081 = -2*o, -21*b = 4*o - 20*b - 2187. Calculate the remainder when o is divided by 133.
16
Suppose 5*i + 13 - 143 = 0. What is the remainder when -28 - -22 - 2*-49 is divided by i?
14
Suppose -100 = 82*b - 87*b. Suppose 0 = i - 30 - 206. Suppose 0 = -4*s - 0*s + i. What is the remainder when s is divided by b?
19
Let y(j) = 37*j - 65. What is the remainder when y(7) is divided by 22?
18
Suppose -2 = g - 35. Suppose -1281 = -22*w + 8*w -